
In base 2, what is 10 - 100110100000010?
-100110100000000
In base 12, what is -1b4519 - 6?
-1b4523
In base 9, what is 0 + -4404601?
-4404601
In base 4, what is 1 - 32003223130?
-32003223123
In base 12, what is -8961710 + 5?
-8961707
In base 10, what is 8832 - -2158?
10990
In base 12, what is -92 - -40b45?
40a73
In base 12, what is 57 + 1b46147?
1b461a2
In base 12, what is 8 - -5637913a?
56379146
In base 11, what is 1 - -17a6210?
17a6211
In base 14, what is c + -271c61?
-271c53
In base 5, what is -10 + 4413123233?
4413123223
In base 8, what is -731505 - -10?
-731475
In base 5, what is -13 - 42334221134?
-42334221202
In base 11, what is -2577 + -1338?
-3904
In base 14, what is 9d - -73b1cb?
73b28a
In base 13, what is 27 - -4c0258?
4c0282
In base 13, what is -38 - 3912?
-394a
In base 2, what is 1100110111101 + -100101101010110?
-11000110011001
In base 13, what is -1481bc1 + -7?
-1481bc8
In base 10, what is 1458250407 - -2?
1458250409
In base 5, what is -43401 - -243340?
144434
In base 11, what is 2 + -4378584?
-4378582
In base 16, what is e6 - 15a56?
-15970
In base 5, what is 0 - 103224203011?
-103224203011
In base 6, what is 150 - -4104151?
4104341
In base 16, what is 2 + 1826dc?
1826de
In base 8, what is 106326 - -3611?
112137
In base 6, what is -5423 - 43431?
-53254
In base 2, what is 11001000 + 10100010011110100110101?
10100010011110111111101
In base 16, what is -2ae3 - 637?
-311a
In base 13, what is 1245b49 - -1?
1245b4a
In base 4, what is -2232111210211 + 2?
-2232111210203
In base 9, what is -3 + -1334768?
-1334772
In base 5, what is -30213 + -41032210?
-41112423
In base 10, what is 440 - -582131?
582571
In base 5, what is -1314122 - 12423?
-1332100
In base 11, what is a1240 - -12?
a1252
In base 3, what is 21112111200011 - -2201?
21112111202212
In base 4, what is 10300222312 + -1020?
10300221232
In base 3, what is 200012112000001112 - -11?
200012112000001200
In base 15, what is -5165 + 2cb1?
-23a4
In base 9, what is 41007 - -1473?
42481
In base 2, what is 10101101011111000011001000011 - 11?
10101101011111000011001000000
In base 14, what is -23 - 938549?
-93856c
In base 6, what is 4 - 42135252011?
-42135252003
In base 13, what is -1415a + 1ba5?
-12285
In base 6, what is -511133 + 535?
-510154
In base 8, what is 40 - 24037?
-23777
In base 9, what is -42 + -71505581?
-71505633
In base 3, what is 2 - 2121021221012?
-2121021221010
In base 10, what is -575383 - -1?
-575382
In base 5, what is 103233213 + 10?
103233223
In base 3, what is -11201210020 - 2110202?
-11211020222
In base 9, what is 1763 + -171363?
-168500
In base 10, what is -8180 - 4945?
-13125
In base 12, what is -429 + -136bb5?
-137422
In base 3, what is 21200211 - -110022?
22011010
In base 4, what is -32323 + -213130?
-312113
In base 15, what is -9 - -c6b1?
c6a7
In base 8, what is 1 - -44233171?
44233172
In base 7, what is 64355 + 1066?
65454
In base 3, what is 10201122010012 + 10?
10201122010022
In base 4, what is -2323 - 11112111013?
-11112120002
In base 3, what is -12 - 2011010102221?
-2011010110010
In base 2, what is 11010100000010010 + 100110011011?
11011000110101101
In base 6, what is 3 + 13052530211?
13052530214
In base 12, what is -8133367 + 0?
-8133367
In base 14, what is -6 - 1cc7124?
-1cc712a
In base 5, what is 4 + 33444433442?
33444434001
In base 2, what is 111 + -1110110010000100110100011?
-1110110010000100110011100
In base 8, what is 13421 + 45422?
61043
In base 9, what is -24 + 1481570?
1481545
In base 3, what is -121222020 + -222?
-122000012
In base 13, what is -a1 + 10aa107?
10aa036
In base 6, what is 3 + 252213414?
252213421
In base 16, what is 1064 - -37aa?
480e
In base 8, what is -3345 - 201437?
-205004
In base 6, what is 3011541 - 1441?
3010100
In base 11, what is -9971 - 200a?
-10980
In base 10, what is -4080848 - -2?
-4080846
In base 10, what is 7 - 541369?
-541362
In base 3, what is 122102111212021 + -1?
122102111212020
In base 3, what is -110110 - 2121221002?
-2122101112
In base 2, what is 101010111101100101001 - 10100111?
101010111101010000010
In base 8, what is 2606345 + -56?
2606267
In base 4, what is 21 - -2230203321?
2230210002
In base 10, what is 8966 + -36264?
-27298
In base 2, what is 1011101100 + 101110111010000?
110000010111100
In base 4, what is -11132010322223 + 12?
-11132010322211
In base 14, what is -38b4265 + 2?
-38b4263
In base 8, what is 7 - -25167055?
25167064
In base 11, what is -1071aa64 + -4?
-1071aa68
In base 5, what is -11 - -1224003001?
1224002440
In base 6, what is -125412053 - 2?
-125412055
In base 7, what is -4410624 - 235?
-4411162
In base 15, what is 31c + -4399?
-407c
In base 9, what is 41121 + -124?
40886
In base 13, what is -7b5c540 - 2?
-7b5c542
In base 3, what is -11002 - -10112100211?
10112012202
In base 11, what is 3069720 + 5?
3069725
In base 16, what is -35 + -d638?
-d66d
In base 16, what is 33a9e - -20?
33abe
In base 3, what is -2101001212010 + -211?
-2101001212221
In base 4, what is -3 + -1123011123311?
-1123011123320
In base 13, what is 28 + 2353a30?
2353a58
In base 13, what is 10 - b1b91?
-b1b81
In base 2, what is 110011 + 100010001111001110110001?
100010001111001111100100
In base 4, what is -3 + -23331010301?
-23331010310
In base 7, what is -3 - -4406340043?
4406340040
In base 16, what is 14bb3d8 + -4?
14bb3d4
In base 2, what is -10100000100010101 + 10011001101?
-10011110001001000
In base 12, what is 41 - 94707?
-94686
In base 8, what is -3 + -225026?
-225031
In base 14, what is -6ca4b - 82?
-6cacd
In base 15, what is -a + -288b3a9?
-288b3b4
In base 16, what is 14da52 - 1b?
14da37
In base 4, what is -3123231122321 + 2?
-3123231122313
In base 9, what is 1 - 4734363?
-4734362
In base 11, what is -136a9a7a - 17?
-136a9a96
In base 9, what is 564 + -204431?
-203756
In base 9, what is -21378 - -12518?
-7760
In base 12, what is 51 - -883795?
883826
In base 14, what is -19 + -135dc61?
-135dc7a
In base 7, what is -354 - 315362?
-316046
In base 14, what is 1 + -22c6496?
-22c6495
In base 14, what is 0 + -ac2a25?
-ac2a25
In base 15, what is -2 + 1807b61?
1807b5e
In base 13, what is 0 - -154177?
154177
In base 11, what is 27463a3 + -19?
2746385
In base 3, what is 1101022 - -21120102?
22221201
In base 9, what is 1 + 154270348?
154270350
In base 10, what is 5 + 4474782?
4474787
In base 16, what is -3ed16 - -1b?
-3ecfb
In base 6, what is -3525441 + -114?
-3525555
In base 5, what is -10 - 1221422023?
-1221422033
In base 5, what is 301 - -1220300122?
1220300423
In base 14, what is 66c + 13443?
13ab1
In base 8, what is -2 - -73560356?
73560354
In base 3, what is 120002021 + 2222?
120012020
In base 9, what is -4 - 6532034?
-6532038
In base 6, what is 50025 + -115?
45510
In base 15, what is 10ee1d - 31?
10eddc
In base 4, what is -10 - -310322123123?
310322123113
In base 5, what is 0 + -1042104111034?
-1042104111034
In base 8, what is -71057417 - -4?
-71057413
In base 13, what is -1 + -1203647?
-1203648
In base 10, what is -56148289 + 13?
-56148276
In base 10, what is 48309 + -3155?
45154
In base 8, what is -466 + -11115422?
-11116110
In base 10, what is 194702 - -112?
194814
In base 10, what is 2166487 + 14?
2166501
In base 4, what is 120101303213 - 10?
120101303203
In base 7, what is 1260 + -62113?
-60523
In base 10, what is 3 - 224210451?
-224210448
In base 12, what is 977535 - -2a?
977563
In base 11, what is -548860 + -30?
-548890
In base 8, what is -102777 + 1345?
-101432
In base 9, what is 61 + 1015204?
1015265
In base 6, what is -24352 + -433300?
-502052
In base 12, what is bbab55 + -a?
bbab47
In base 3, what is -110220102101111 + -2?
-110220102101120
In base 13, what is 21c96 - -abc?
22a85
In base 11, what is -3 - -4472044?
4472041
In base 14, what is 2a + -98ba5?
-98b79
In base 11, what is -342 + -5376?
-5708
In base 13, what is a8b0 - -1a042?
27922
In base 7, what is -1305526121 - -4?
-1305526114
In base 7, what is 3 - 635360025?
-635360022
In base 5, what is -3 - -12404411?
12404403
In base 10, what is 3 + 146147156?
146147159
In base 15, what is -2 + -1dabb8d?
-1dabb90
In base 15, what is -b92 - 328?
-eba
In base 9, what is 853 - -185847?
186811
In base 13, what is -433 - 2408a?
-244c0
In base 7, what is 1 - -123000500?
123000501
In base 12, what is -149917 - -23?
-1498b4
In base 4, what is 2231030133 - 101122?
223032301